{"id":105,"date":"2016-10-12T16:52:15","date_gmt":"2016-10-12T15:52:15","guid":{"rendered":"http:\/\/www.houlihansolicitors.ie\/polskie\/?page_id=105"},"modified":"2017-09-05T11:10:16","modified_gmt":"2017-09-05T10:10:16","slug":"zaniedbania-medyczne","status":"publish","type":"page","link":"https:\/\/www.houlihansolicitors.ie\/polskie\/zakres-dzialan\/zaniedbania-medyczne\/","title":{"rendered":"ZANIEDBANIA MEDYCZNE"},"content":{"rendered":"<p>&nbsp;<\/p>\n<p>Ka\u017cdy pracujacy dla s\u0142u\u017cbie zdrowia ma obowi\u0105zek opieki nad pacjentami, kt\u00f3rych zdiagnozuj\u0105 i lecz\u0105. Obowi\u0105zek opieki dotyczy lekarzy, piel\u0119gniarek, konsultant\u00f3w i chirurg\u00f3w itd. Obejmuje to wszystkich, kt\u00f3rzy pracuj\u0105 w s\u0142u\u017cbie zdrowia. Kiedy pacjent nie otrzymuje odpowiedniej opieki, wowczas mamy do czynienia z zaniedbaniem medycznym. Ty jako pacjent masz prawo z\u0142o\u017cy\u0107 skarg\u0119, je\u015bli uwa\u017casz, \u017ce standard opieki jest nieodpowiedni i gdy zosta\u0142o pope\u0142nione zaniedbanie medyczne. Niekt\u00f3re przyk\u0142ady zaniedba\u0144, kt\u00f3re mog\u0105 uprawnia\u0107 do odszkodowania to:<\/p>\n<p>&nbsp;<\/p>\n<ul>\n<li>\u00a0Niezdiagnozowany uraz lub choroba<\/li>\n<li>\u00a0Nieprawid\u0142owo zdiagnozowany uraz lub choroba<\/li>\n<li>\u00a0Podanie niew\u0142a\u015bciwych lek\u00f3w lub z\u0142ej dawki leku<\/li>\n<li>\u00a0B\u0142\u0119dy podczas zabiegu<\/li>\n<li>\u00a0B\u0142\u0119dy podczas porodu<\/li>\n<li>\u00a0Wadliwe produkty medyczne<\/li>\n<li>Odszkodowania od Dom\u00f3w Opieki<\/li>\n<\/ul>\n<p>Ofiary zaniedba\u0144 klinicznych mog\u0105 by\u0107 uprawnione do odszkodowania nie tylko ze wzgl\u0119du na szkody, ale tak\u017ce ze wzgl\u0119du na b\u00f3l i przebyte cierpienia oraz na wydatki finansowe, takie jak:<\/p>\n<p>&nbsp;<\/p>\n<ul>\n<li>&#8211; Leczenie pourazowe<\/li>\n<li>&#8211; Us\u0142ugi rehabilitacyjne<\/li>\n<li>&#8211; B\u00f3l, stres lub straty moralne<\/li>\n<li>&#8211; Utrata zarobkow<\/li>\n<\/ul>\n<p>&#8211; Utrata przysz\u0142ych zarobk\u00f3w<\/p>\n<p>&#8211; Wsparcie os\u00f3b pozostaj\u0105cych na utrzymaniu, np. Nieletnich<\/p>\n","protected":false},"excerpt":{"rendered":"<p>&nbsp; Ka\u017cdy pracujacy dla s\u0142u\u017cbie zdrowia ma obowi\u0105zek opieki nad pacjentami, kt\u00f3rych zdiagnozuj\u0105 i lecz\u0105. Obowi\u0105zek opieki dotyczy lekarzy, piel\u0119gniarek, konsultant\u00f3w i chirurg\u00f3w itd. Obejmuje to wszystkich, kt\u00f3rzy pracuj\u0105 w s\u0142u\u017cbie zdrowia. Kiedy pacjent nie otrzymuje odpowiedniej opieki, wowczas mamy do czynienia z zaniedbaniem medycznym. Ty jako pacjent masz prawo z\u0142o\u017cy\u0107 skarg\u0119, je\u015bli uwa\u017casz, \u017ce [&hellip;]<\/p>\n","protected":false},"author":2,"featured_media":0,"parent":11,"menu_order":21,"comment_status":"closed","ping_status":"closed","template":"single-practice.php","meta":[],"yoast_head":"<!-- This site is optimized with the Yoast SEO plugin v14.9 - https:\/\/yoast.com\/wordpress\/plugins\/seo\/ -->\n<title>ZANIEDBANIA MEDYCZNE - Houlihan Solicitors<\/title>\n<meta name=\"robots\" content=\"index, follow, max-snippet:-1, max-image-preview:large, max-video-preview:-1\" \/>\n<link rel=\"canonical\" href=\"https:\/\/www.houlihansolicitors.ie\/polskie\/zakres-dzialan\/zaniedbania-medyczne\/\" \/>\n<meta property=\"og:locale\" content=\"en_GB\" \/>\n<meta property=\"og:type\" content=\"article\" \/>\n<meta property=\"og:title\" content=\"ZANIEDBANIA MEDYCZNE - Houlihan Solicitors\" \/>\n<meta property=\"og:description\" content=\"&nbsp; Ka\u017cdy pracujacy dla s\u0142u\u017cbie zdrowia ma obowi\u0105zek opieki nad pacjentami, kt\u00f3rych zdiagnozuj\u0105 i lecz\u0105. Obowi\u0105zek opieki dotyczy lekarzy, piel\u0119gniarek, konsultant\u00f3w i chirurg\u00f3w itd. Obejmuje to wszystkich, kt\u00f3rzy pracuj\u0105 w s\u0142u\u017cbie zdrowia. Kiedy pacjent nie otrzymuje odpowiedniej opieki, wowczas mamy do czynienia z zaniedbaniem medycznym. Ty jako pacjent masz prawo z\u0142o\u017cy\u0107 skarg\u0119, je\u015bli uwa\u017casz, \u017ce [&hellip;]\" \/>\n<meta property=\"og:url\" content=\"https:\/\/www.houlihansolicitors.ie\/polskie\/zakres-dzialan\/zaniedbania-medyczne\/\" \/>\n<meta property=\"og:site_name\" content=\"Houlihan Solicitors\" \/>\n<meta property=\"article:modified_time\" content=\"2017-09-05T10:10:16+00:00\" \/>\n<meta name=\"twitter:card\" content=\"summary\" \/>\n<script type=\"application\/ld+json\" class=\"yoast-schema-graph\">{\"@context\":\"https:\/\/schema.org\",\"@graph\":[{\"@type\":\"WebSite\",\"@id\":\"https:\/\/www.houlihansolicitors.ie\/polskie\/#website\",\"url\":\"https:\/\/www.houlihansolicitors.ie\/polskie\/\",\"name\":\"Houlihan Solicitors\",\"description\":\"\",\"potentialAction\":[{\"@type\":\"SearchAction\",\"target\":\"https:\/\/www.houlihansolicitors.ie\/polskie\/?s={search_term_string}\",\"query-input\":\"required name=search_term_string\"}],\"inLanguage\":\"en-GB\"},{\"@type\":\"WebPage\",\"@id\":\"https:\/\/www.houlihansolicitors.ie\/polskie\/zakres-dzialan\/zaniedbania-medyczne\/#webpage\",\"url\":\"https:\/\/www.houlihansolicitors.ie\/polskie\/zakres-dzialan\/zaniedbania-medyczne\/\",\"name\":\"ZANIEDBANIA MEDYCZNE - Houlihan Solicitors\",\"isPartOf\":{\"@id\":\"https:\/\/www.houlihansolicitors.ie\/polskie\/#website\"},\"datePublished\":\"2016-10-12T15:52:15+00:00\",\"dateModified\":\"2017-09-05T10:10:16+00:00\",\"inLanguage\":\"en-GB\",\"potentialAction\":[{\"@type\":\"ReadAction\",\"target\":[\"https:\/\/www.houlihansolicitors.ie\/polskie\/zakres-dzialan\/zaniedbania-medyczne\/\"]}]}]}<\/script>\n<!-- \/ Yoast SEO plugin. -->","_links":{"self":[{"href":"https:\/\/www.houlihansolicitors.ie\/polskie\/wp-json\/wp\/v2\/pages\/105"}],"collection":[{"href":"https:\/\/www.houlihansolicitors.ie\/polskie\/wp-json\/wp\/v2\/pages"}],"about":[{"href":"https:\/\/www.houlihansolicitors.ie\/polskie\/wp-json\/wp\/v2\/types\/page"}],"author":[{"embeddable":true,"href":"https:\/\/www.houlihansolicitors.ie\/polskie\/wp-json\/wp\/v2\/users\/2"}],"replies":[{"embeddable":true,"href":"https:\/\/www.houlihansolicitors.ie\/polskie\/wp-json\/wp\/v2\/comments?post=105"}],"version-history":[{"count":7,"href":"https:\/\/www.houlihansolicitors.ie\/polskie\/wp-json\/wp\/v2\/pages\/105\/revisions"}],"predecessor-version":[{"id":479,"href":"https:\/\/www.houlihansolicitors.ie\/polskie\/wp-json\/wp\/v2\/pages\/105\/revisions\/479"}],"up":[{"embeddable":true,"href":"https:\/\/www.houlihansolicitors.ie\/polskie\/wp-json\/wp\/v2\/pages\/11"}],"wp:attachment":[{"href":"https:\/\/www.houlihansolicitors.ie\/polskie\/wp-json\/wp\/v2\/media?parent=105"}],"curies":[{"name":"wp","href":"https:\/\/api.w.org\/{rel}","templated":true}]}}