{"id":149,"date":"2016-10-12T17:18:05","date_gmt":"2016-10-12T16:18:05","guid":{"rendered":"http:\/\/www.houlihansolicitors.ie\/polskie\/?page_id=149"},"modified":"2020-09-02T12:09:38","modified_gmt":"2020-09-02T11:09:38","slug":"kompensacja-dla-pracownika-garda-siochana","status":"publish","type":"page","link":"https:\/\/www.houlihansolicitors.ie\/polskie\/kompensacja-dla-pracownika-garda-siochana\/","title":{"rendered":"Kompensacja dla Pracownika Garda S\u00edoch\u00e1na"},"content":{"rendered":"<div class=\"fusion-fullwidth fullwidth-box fusion-builder-row-1 hundred-percent-fullwidth non-hundred-percent-height-scrolling\" style=\"background-color: rgba(255,255,255,0);background-position: center center;background-repeat: no-repeat;padding-top:0px;padding-right:0px;padding-bottom:0px;padding-left:0px;margin-bottom: 0px;margin-top: 0px;border-width: 0px 0px 0px 0px;border-color:#eae9e9;border-style:solid;\" ><div class=\"fusion-builder-row fusion-row\"><div class=\"fusion-layout-column fusion_builder_column fusion-builder-column-0 fusion_builder_column_1_1 1_1 fusion-one-full fusion-column-first fusion-column-last fusion-column-no-min-height\" style=\"margin-top:0px;margin-bottom:0px;\"><div class=\"fusion-column-wrapper fusion-flex-column-wrapper-legacy\" style=\"background-position:left top;background-repeat:no-repeat;-webkit-background-size:cover;-moz-background-size:cover;-o-background-size:cover;background-size:cover;\"><div class=\"fusion-text fusion-text-1\"><p>Cz\u0142onek\/Pracownik\u00a0An Garda S\u00edoch\u00e1na mo\u017ce ubiega\u0107 si\u0119 o odszkodowanie, je\u015bli\u00a0poni\u00f3s\u0142 obra\u017cenia, zadane mu celowo\u00a0w\u00a0trakcie\u00a0wykonywaniu swoich obowi\u0105zk\u00f3w lub dzia\u0142aj\u0105c w\u00a0grupie, lub gdy by\u0142\u00a0poza s\u0142u\u017cb\u0105, a czyn zadany by\u0142 zwiazany z tym, ze jest pracownikiem\u00a0Garda S\u00edoch\u00e1n.\u00a0\u00a0Akt Garda S\u00edoch\u00e1na (Kompensata) przewiduje rekompensat\u0119, o kt\u00f3r\u0105 mog\u0105\u00a0si\u0119 ubiega\u0107 nast\u0119puj\u0105ce osoby:\u00a0\u00a0<span data-ccp-props=\"{\">\u00a0<\/span><\/p>\n<ul>\n<li data-listid=\"19\" aria-setsize=\"-1\" data-aria-posinset=\"1\" data-aria-level=\"1\">Osoby pozostaj\u0105ce na utrzymaniu jakiegokolwiek pracownika\u00a0Garda S\u00edoch\u00e1na,\u00a0kt\u00f3ry zosta\u0142 \u015bmiertelnie ranny<span data-ccp-props=\"{\">\u00a0<\/span><\/li>\n<li data-listid=\"19\" aria-setsize=\"-1\" data-aria-posinset=\"2\" data-aria-level=\"1\">Ka\u017cdy pracownik, kt\u00f3ry poni\u00f3s\u0142 \u015bmiertelne obra\u017cenia.<span data-ccp-props=\"{\">\u00a0<\/span><\/li>\n<\/ul>\n<p>Nie jest konieczne, aby pracownik, kt\u00f3ry dozna\u0142\u00a0uszczerbku by\u0142 na s\u0142u\u017cbie w trakcie gdy doszlo do zdarzenia.\u00a0<span data-ccp-props=\"{\">\u00a0<\/span><\/p>\n<p>Pracownik\u00a0\u00a0An Garda S\u00edoch\u00e1na\u00a0mo\u017ce\u00a0sie r\u00f3wnie\u017c\u00a0ubiega\u0107\u00a0o odszkodowanie, je\u015bli;<span data-ccp-props=\"{\">\u00a0<\/span><\/p>\n<ul>\n<li data-listid=\"20\" aria-setsize=\"-1\" data-aria-posinset=\"3\" data-aria-level=\"1\">Wykonywal\u00a0swoje uprawnienia\u00a0lub dzialal w ich wymiarze bedac na urlopie lub poza sluzba\u00a0<span data-ccp-props=\"{\">\u00a0<\/span><\/li>\n<\/ul>\n<ul>\n<li data-listid=\"20\" aria-setsize=\"-1\" data-aria-posinset=\"1\" data-aria-level=\"1\">Lub je\u015bli szkoda zosta\u0142a\u00a0poniesiona z powodu tego, co wcze\u015bniej\u00a0zrobila\u00a0skar\u017c\u0105ca\u00a0sie osoba, dzialaja w wymiarze uprawnien\u00a0An Garda S\u00edoch\u00e1na.<span data-ccp-props=\"{\">\u00a0<\/span><\/li>\n<\/ul>\n<p>Rekompensata mo\u017ce zosta\u0107 przyznana za urazy fizyczne, jak r\u00f3wnie\u017c urazy fizjologiczne, np. gdy pracownik dozna\u00a0wstrz\u0105su nerwowego itp. Wniosek musi zosta\u0107 z\u0142o\u017cony w ci\u0105gu trzech miesi\u0119cy od\u00a0zdarzenia.\u00a0W ekstremalnych okoliczno\u015bciach\u00a0Minister Sprawiedliwo\u015bci i R\u00f3wno\u015bci ma\u00a0swobod\u0119 w przed\u0142u\u017caniu tego terminu.<span data-ccp-props=\"{\">\u00a0<\/span><\/p>\n<p>Rekompensata, kt\u00f3r\u0105 b\u0119dziemy chcieli\u00a0dla Ciebie uzyska\u0107, b\u0119dzie obejmowa\u0107;<span data-ccp-props=\"{\">\u00a0<\/span><\/p>\n<ul>\n<li data-listid=\"21\" aria-setsize=\"-1\" data-aria-posinset=\"1\" data-aria-level=\"1\">Og\u00f3lne\u00a0odszkodowanie z tytu\u0142u poniesionego\u00a0b\u00f3lu i cierpienia.<span data-ccp-props=\"{\">\u00a0<\/span><\/li>\n<li data-listid=\"21\" aria-setsize=\"-1\" data-aria-posinset=\"2\" data-aria-level=\"1\">Szczeg\u00f3lne\u00a0odszkodowanie z tytu\u0142u poniesionych wydatk\u00f3w\u00a0w nast\u0119pstwie wypadku,<span data-ccp-props=\"{\">\u00a0<\/span><\/li>\n<li data-listid=\"21\" aria-setsize=\"-1\" data-aria-posinset=\"3\" data-aria-level=\"1\">W stosownych przypadkach, straty i wydatki w przysz\u0142o\u015bci.<span data-ccp-props=\"{\">\u00a0<\/span><\/li>\n<\/ul>\n<p>Houlihan Solicitors oferuje\u00a0porady prawne wszystkim cz\u0142onkom An Garda S\u00edoch\u00e1na w sprawie wniosk\u00f3w o\u00a0odszkodowanie\u00a0z\u00a0tzw. Pakietu Kompensacyjnego dla\u00a0Gardy. Aby uzyska\u0107 wi\u0119cej informacji o programie\u00a0Kompensata dla Gardy\u00a0lub um\u00f3wi\u0107 si\u0119 na spotkanie\u00a0zadzwo\u0144\u00a0pod numer\u00a0061 502 090 lub napisz e-mail info@houlihansolicitors.ie.<span data-ccp-props=\"{\">\u00a0<\/span><\/p>\n<\/div><div class=\"fusion-sep-clear\"><\/div><div class=\"fusion-separator fusion-full-width-sep\" style=\"margin-left: auto;margin-right: auto;width:100%;\"><\/div><div class=\"fusion-sep-clear\"><\/div><div class=\"fusion-text fusion-text-2\"><p><em><span class=\"TextRun SCXW62794362\" lang=\"PL-PL\" xml:lang=\"PL-PL\"><span class=\"NormalTextRun SCXW62794362\">* W spornych sprawach prawnicy nie mog\u0105 oblicza\u0107 swojego\u00a0<\/span><span class=\"SpellingError SCXW62794362\">hororarium<\/span><span class=\"NormalTextRun SCXW62794362\">\u00a0jako\u00a0<\/span><\/span><span class=\"TextRun SCXW62794362\" lang=\"PL-PL\" xml:lang=\"PL-PL\"><span class=\"NormalTextRun SCXW62794362\">procent<\/span><\/span><span class=\"TextRun SCXW62794362\" lang=\"PL-PL\" xml:lang=\"PL-PL\"><span class=\"NormalTextRun SCXW62794362\">u<\/span><\/span><span class=\"TextRun SCXW62794362\" lang=\"PL-PL\" xml:lang=\"PL-PL\"><span class=\"NormalTextRun SCXW62794362\">\u00a0<\/span><\/span><span class=\"TextRun SCXW62794362\" lang=\"PL-PL\" xml:lang=\"PL-PL\"><span class=\"NormalTextRun SCXW62794362\">od przyznanej kwoty.<\/span><\/span><span class=\"EOP SCXW62794362\" data-ccp-props=\"{\">\u00a0<\/span><\/em><\/p>\n<\/div><div class=\"fusion-clearfix\"><\/div><\/div><\/div><\/div><style type=\"text\/css\">.fusion-fullwidth.fusion-builder-row-1 { overflow:visible; }<\/style><\/div>\n","protected":false},"excerpt":{"rendered":"","protected":false},"author":2,"featured_media":0,"parent":0,"menu_order":19,"comment_status":"closed","ping_status":"closed","template":"single-practice.php","meta":[],"yoast_head":"<!-- This site is optimized with the Yoast SEO plugin v14.9 - https:\/\/yoast.com\/wordpress\/plugins\/seo\/ -->\n<title>Kompensacja dla Pracownika Garda S\u00edoch\u00e1na - Houlihan Solicitors<\/title>\n<meta name=\"robots\" content=\"index, follow, max-snippet:-1, max-image-preview:large, max-video-preview:-1\" \/>\n<link rel=\"canonical\" href=\"https:\/\/www.houlihansolicitors.ie\/polskie\/kompensacja-dla-pracownika-garda-siochana\/\" \/>\n<meta property=\"og:locale\" content=\"en_GB\" \/>\n<meta property=\"og:type\" content=\"article\" \/>\n<meta property=\"og:title\" content=\"Kompensacja dla Pracownika Garda S\u00edoch\u00e1na - Houlihan Solicitors\" \/>\n<meta property=\"og:url\" content=\"https:\/\/www.houlihansolicitors.ie\/polskie\/kompensacja-dla-pracownika-garda-siochana\/\" \/>\n<meta property=\"og:site_name\" content=\"Houlihan Solicitors\" \/>\n<meta property=\"article:modified_time\" content=\"2020-09-02T11:09:38+00:00\" \/>\n<meta name=\"twitter:card\" content=\"summary\" \/>\n<script type=\"application\/ld+json\" class=\"yoast-schema-graph\">{\"@context\":\"https:\/\/schema.org\",\"@graph\":[{\"@type\":\"WebSite\",\"@id\":\"https:\/\/www.houlihansolicitors.ie\/polskie\/#website\",\"url\":\"https:\/\/www.houlihansolicitors.ie\/polskie\/\",\"name\":\"Houlihan Solicitors\",\"description\":\"\",\"potentialAction\":[{\"@type\":\"SearchAction\",\"target\":\"https:\/\/www.houlihansolicitors.ie\/polskie\/?s={search_term_string}\",\"query-input\":\"required name=search_term_string\"}],\"inLanguage\":\"en-GB\"},{\"@type\":\"WebPage\",\"@id\":\"https:\/\/www.houlihansolicitors.ie\/polskie\/kompensacja-dla-pracownika-garda-siochana\/#webpage\",\"url\":\"https:\/\/www.houlihansolicitors.ie\/polskie\/kompensacja-dla-pracownika-garda-siochana\/\",\"name\":\"Kompensacja dla Pracownika Garda S\\u00edoch\\u00e1na - Houlihan Solicitors\",\"isPartOf\":{\"@id\":\"https:\/\/www.houlihansolicitors.ie\/polskie\/#website\"},\"datePublished\":\"2016-10-12T16:18:05+00:00\",\"dateModified\":\"2020-09-02T11:09:38+00:00\",\"inLanguage\":\"en-GB\",\"potentialAction\":[{\"@type\":\"ReadAction\",\"target\":[\"https:\/\/www.houlihansolicitors.ie\/polskie\/kompensacja-dla-pracownika-garda-siochana\/\"]}]}]}<\/script>\n<!-- \/ Yoast SEO plugin. -->","_links":{"self":[{"href":"https:\/\/www.houlihansolicitors.ie\/polskie\/wp-json\/wp\/v2\/pages\/149"}],"collection":[{"href":"https:\/\/www.houlihansolicitors.ie\/polskie\/wp-json\/wp\/v2\/pages"}],"about":[{"href":"https:\/\/www.houlihansolicitors.ie\/polskie\/wp-json\/wp\/v2\/types\/page"}],"author":[{"embeddable":true,"href":"https:\/\/www.houlihansolicitors.ie\/polskie\/wp-json\/wp\/v2\/users\/2"}],"replies":[{"embeddable":true,"href":"https:\/\/www.houlihansolicitors.ie\/polskie\/wp-json\/wp\/v2\/comments?post=149"}],"version-history":[{"count":7,"href":"https:\/\/www.houlihansolicitors.ie\/polskie\/wp-json\/wp\/v2\/pages\/149\/revisions"}],"predecessor-version":[{"id":615,"href":"https:\/\/www.houlihansolicitors.ie\/polskie\/wp-json\/wp\/v2\/pages\/149\/revisions\/615"}],"wp:attachment":[{"href":"https:\/\/www.houlihansolicitors.ie\/polskie\/wp-json\/wp\/v2\/media?parent=149"}],"curies":[{"name":"wp","href":"https:\/\/api.w.org\/{rel}","templated":true}]}}

Kompensacja dla Pracownika Garda Síochána

<div class="fusion-fullwidth fullwidth-box fusion-builder-row-1 hundred-percent-fullwidth non-hundred-percent-height-scrolling" style="background-color: rgba(255,255,255,0);background-position: center center;background-repeat: no-repeat;padding-top:0px;padding-right:0px;padding-bottom:0px;padding-left:0px;margin-bottom: 0px;margin-top: 0px;border-width: 0px 0px 0px 0px;border-color:#eae9e9;border-style:solid;" ><div class="fusion-builder-row fusion-row"><div class="fusion-layout-column fusion_builder_column fusion-builder-column-0 fusion_builder_column_1_1 1_1 fusion-one-full fusion-column-first fusion-column-last fusion-column-no-min-height" style="margin-top:0px;margin-bottom:0px;"><div class="fusion-column-wrapper fusion-flex-column-wrapper-legacy" style="background-position:left top;background-repeat:no-repeat;-webkit-background-size:cover;-moz-background-size:cover;-o-background-size:cover;background-size:cover;"><div class="fusion-text fusion-text-1"><p>Członek/Pracownik An Garda Síochána może ubiegać się o odszkodowanie, jeśli poniósł obrażenia, zadane mu celowo w trakcie wykonywaniu swoich obowiązków lub działając w grupie, lub gdy był poza służbą, a czyn zadany był zwiazany z tym, ze jest pracownikiem Garda Síochán.  Akt Garda Síochána (Kompensata) przewiduje rekompensatę, o którą mogą się ubiegać następujące osoby:  <span data-ccp-props="{"> </span></p>
<ul>
<li data-listid="19" aria-setsize="-1" data-aria-posinset="1" data-aria-level="1">Osoby pozostające na utrzymaniu jakiegokolwiek pracownika Garda Síochána, który został śmiertelnie ranny<span data-ccp-props="{"> </span></li>
<li data-listid="19" aria-setsize="-1" data-aria-posinset="2" data-aria-level="1">Każdy pracownik, który poniósł śmiertelne obrażenia.<span data-ccp-props="{"> </span></li>
</ul>
<p>Nie jest konieczne, aby pracownik, który doznał uszczerbku był na służbie w trakcie gdy doszlo do zdarzenia. <span data-ccp-props="{"> </span></p>
<p>Pracownik  An Garda Síochána może sie również ubiegać o odszkodowanie, jeśli;<span data-ccp-props="{"> </span></p>
<ul>
<li data-listid="20" aria-setsize="-1" data-aria-posinset="3" data-aria-level="1">Wykonywal swoje uprawnienia lub dzialal w ich wymiarze bedac na urlopie lub poza sluzba <span data-ccp-props="{"> </span></li>
</ul>
<ul>
<li data-listid="20" aria-setsize="-1" data-aria-posinset="1" data-aria-level="1">Lub jeśli szkoda została poniesiona z powodu tego, co wcześniej zrobila skarżąca sie osoba, dzialaja w wymiarze uprawnien An Garda Síochána.<span data-ccp-props="{"> </span></li>
</ul>
<p>Rekompensata może zostać przyznana za urazy fizyczne, jak również urazy fizjologiczne, np. gdy pracownik dozna wstrząsu nerwowego itp. Wniosek musi zostać złożony w ciągu trzech miesięcy od zdarzenia. W ekstremalnych okolicznościach Minister Sprawiedliwości i Równości ma swobodę w przedłużaniu tego terminu.<span data-ccp-props="{"> </span></p>
<p>Rekompensata, którą będziemy chcieli dla Ciebie uzyskać, będzie obejmować;<span data-ccp-props="{"> </span></p>
<ul>
<li data-listid="21" aria-setsize="-1" data-aria-posinset="1" data-aria-level="1">Ogólne odszkodowanie z tytułu poniesionego bólu i cierpienia.<span data-ccp-props="{"> </span></li>
<li data-listid="21" aria-setsize="-1" data-aria-posinset="2" data-aria-level="1">Szczególne odszkodowanie z tytułu poniesionych wydatków w następstwie wypadku,<span data-ccp-props="{"> </span></li>
<li data-listid="21" aria-setsize="-1" data-aria-posinset="3" data-aria-level="1">W stosownych przypadkach, straty i wydatki w przyszłości.<span data-ccp-props="{"> </span></li>
</ul>
<p>Houlihan Solicitors oferuje porady prawne wszystkim członkom An Garda Síochána w sprawie wniosków o odszkodowanie z tzw. Pakietu Kompensacyjnego dla Gardy. Aby uzyskać więcej informacji o programie Kompensata dla Gardy lub umówić się na spotkanie zadzwoń pod numer 061 502 090 lub napisz e-mail info@houlihansolicitors.ie.<span data-ccp-props="{"> </span></p>
</div><div class="fusion-sep-clear"></div><div class="fusion-separator fusion-full-width-sep" style="margin-left: auto;margin-right: auto;width:100%;"></div><div class="fusion-sep-clear"></div><div class="fusion-text fusion-text-2"><p><em><span class="TextRun SCXW62794362" lang="PL-PL" xml:lang="PL-PL"><span class="NormalTextRun SCXW62794362">* W spornych sprawach prawnicy nie mogą obliczać swojego </span><span class="SpellingError SCXW62794362">hororarium</span><span class="NormalTextRun SCXW62794362"> jako </span></span><span class="TextRun SCXW62794362" lang="PL-PL" xml:lang="PL-PL"><span class="NormalTextRun SCXW62794362">procent</span></span><span class="TextRun SCXW62794362" lang="PL-PL" xml:lang="PL-PL"><span class="NormalTextRun SCXW62794362">u</span></span><span class="TextRun SCXW62794362" lang="PL-PL" xml:lang="PL-PL"><span class="NormalTextRun SCXW62794362"> </span></span><span class="TextRun SCXW62794362" lang="PL-PL" xml:lang="PL-PL"><span class="NormalTextRun SCXW62794362">od przyznanej kwoty.</span></span><span class="EOP SCXW62794362" data-ccp-props="{"> </span></em></p>
</div><div class="fusion-clearfix"></div></div></div></div><style type="text/css">.fusion-fullwidth.fusion-builder-row-1 { overflow:visible; }</style></div>

<!-- This site is optimized with the Yoast SEO plugin v14.9 - https://yoast.com/wordpress/plugins/seo/ -->
<title>Kompensacja dla Pracownika Garda Síochána - Houlihan Solicitors</title>
<meta name="robots" content="index, follow, max-snippet:-1, max-image-preview:large, max-video-preview:-1" />
<link rel="canonical" href="https://www.houlihansolicitors.ie/polskie/kompensacja-dla-pracownika-garda-siochana/" />
<meta property="og:locale" content="en_GB" />
<meta property="og:type" content="article" />
<meta property="og:title" content="Kompensacja dla Pracownika Garda Síochána - Houlihan Solicitors" />
<meta property="og:url" content="https://www.houlihansolicitors.ie/polskie/kompensacja-dla-pracownika-garda-siochana/" />
<meta property="og:site_name" content="Houlihan Solicitors" />
<meta property="article:modified_time" content="2020-09-02T11:09:38+00:00" />
<meta name="twitter:card" content="summary" />
<script type="application/ld+json" class="yoast-schema-graph">{"@context":"https://schema.org","@graph":[{"@type":"WebSite","@id":"https://www.houlihansolicitors.ie/polskie/#website","url":"https://www.houlihansolicitors.ie/polskie/","name":"Houlihan Solicitors","description":"","potentialAction":[{"@type":"SearchAction","target":"https://www.houlihansolicitors.ie/polskie/?s={search_term_string}","query-input":"required name=search_term_string"}],"inLanguage":"en-GB"},{"@type":"WebPage","@id":"https://www.houlihansolicitors.ie/polskie/kompensacja-dla-pracownika-garda-siochana/#webpage","url":"https://www.houlihansolicitors.ie/polskie/kompensacja-dla-pracownika-garda-siochana/","name":"Kompensacja dla Pracownika Garda S\u00edoch\u00e1na - Houlihan Solicitors","isPartOf":{"@id":"https://www.houlihansolicitors.ie/polskie/#website"},"datePublished":"2016-10-12T16:18:05+00:00","dateModified":"2020-09-02T11:09:38+00:00","inLanguage":"en-GB","potentialAction":[{"@type":"ReadAction","target":["https://www.houlihansolicitors.ie/polskie/kompensacja-dla-pracownika-garda-siochana/"]}]}]}</script>
<!-- / Yoast SEO plugin. -->
