{"id":184,"date":"2016-10-13T16:46:12","date_gmt":"2016-10-13T15:46:12","guid":{"rendered":"http:\/\/www.houlihansolicitors.ie\/polskie\/?page_id=184"},"modified":"2017-09-29T11:46:53","modified_gmt":"2017-09-29T10:46:53","slug":"wadliwy-produkt-medyczny","status":"publish","type":"page","link":"https:\/\/www.houlihansolicitors.ie\/polskie\/zakres-dzialan\/zaniedbania-medyczne\/wadliwy-produkt-medyczny\/","title":{"rendered":"WADLIWY PRODUKT MEDYCZNY"},"content":{"rendered":"<p>Wadliwy produkt\u00a0medycznym,\u00a0to taki kt\u00f3ry ma wad\u0119,\u00a0a w\u015br\u00f3d nich mog\u0105\u00a0to by\u0107<span data-ccp-props=\"{&quot;201341983&quot;:0,&quot;335559739&quot;:160,&quot;335559740&quot;:259}\">\u00a0<\/span><\/p>\n<ul>\n<li data-listid=\"24\" aria-setsize=\"-1\" data-aria-posinset=\"1\" data-aria-level=\"1\">Leki\u00a0<span data-ccp-props=\"{&quot;134233279&quot;:true,&quot;201341983&quot;:0,&quot;335559739&quot;:160,&quot;335559740&quot;:259}\">\u00a0<\/span><\/li>\n<li data-listid=\"24\" aria-setsize=\"-1\" data-aria-posinset=\"2\" data-aria-level=\"1\">Implanty<span data-ccp-props=\"{&quot;134233279&quot;:true,&quot;201341983&quot;:0,&quot;335559739&quot;:160,&quot;335559740&quot;:259}\">\u00a0<\/span><\/li>\n<li data-listid=\"24\" aria-setsize=\"-1\" data-aria-posinset=\"3\" data-aria-level=\"1\">Aparaty s\u0142uchowe<span data-ccp-props=\"{&quot;134233279&quot;:true,&quot;201341983&quot;:0,&quot;335559739&quot;:160,&quot;335559740&quot;:259}\">\u00a0<\/span><\/li>\n<li data-listid=\"24\" aria-setsize=\"-1\" data-aria-posinset=\"4\" data-aria-level=\"1\">\u00a0Okulary\/soczewki etc.\u00a0<span data-ccp-props=\"{&quot;134233279&quot;:true,&quot;201341983&quot;:0,&quot;335559739&quot;:160,&quot;335559740&quot;:259}\">\u00a0<\/span><\/li>\n<\/ul>\n<p>Ci, kt\u00f3rzy produkuj\u0105 lub administruj\u0105 produkty medyczne, maj\u0105 wyra\u017ane obowi\u0105zki wobec pacjent\u00f3w &#8211; w tym obowi\u0105zek\u00a0zapewnienia, \u017ce ich produkty s\u0105 skuteczne i\u00a0wywo\u0142uj\u0105\u00a0jak najmniej efekt\u00f3w ubocznych.\u00a0<span data-ccp-props=\"{&quot;201341983&quot;:0,&quot;335559739&quot;:160,&quot;335559740&quot;:259}\">\u00a0<\/span><\/p>\n<p>Je\u015bli te obowi\u0105zki s\u0105 zaniedbane, wadliwy sprz\u0119t medyczny mo\u017ce mie\u0107 powa\u017cny wp\u0142yw na \u017cycie pacjent\u00f3w i ich rodzin. Je\u015bli uwa\u017casz, \u017ce Twoje \u017cycie zosta\u0142o\u00a0nara\u017cone przez u\u017cytkowanie wadliwego produktem medycznego, skontaktuj si\u0119 z\u00a0Houlihan\u00a0Solicitors, aby om\u00f3wi\u0107\u00a0mo\u017cliwo\u015b\u0107\u00a0wniioskowania\u00a0o odszkodowanie wynikaj\u0105ce z\u00a0zaniedbania medycznego\u00a0*.<span data-ccp-props=\"{&quot;201341983&quot;:0,&quot;335559739&quot;:160,&quot;335559740&quot;:259}\">\u00a0<\/span><\/p>\n<p><em>* W spornych sprawach prawnicy nie mog\u0105 oblicza\u0107 swojego\u00a0hororarium\u00a0jako\u00a0procentu\u00a0od przyznanej kwoty.\u00a0<\/em><\/p>\n","protected":false},"excerpt":{"rendered":"<p>Wadliwy produkt\u00a0medycznym,\u00a0to taki kt\u00f3ry ma wad\u0119,\u00a0a w\u015br\u00f3d nich mog\u0105\u00a0to by\u0107\u00a0 Leki\u00a0\u00a0 Implanty\u00a0 Aparaty s\u0142uchowe\u00a0 \u00a0Okulary\/soczewki etc.\u00a0\u00a0 Ci, kt\u00f3rzy produkuj\u0105 lub administruj\u0105 produkty medyczne, maj\u0105 wyra\u017ane obowi\u0105zki wobec pacjent\u00f3w &#8211; w tym obowi\u0105zek\u00a0zapewnienia, \u017ce ich produkty s\u0105 skuteczne i\u00a0wywo\u0142uj\u0105\u00a0jak najmniej efekt\u00f3w ubocznych.\u00a0\u00a0 Je\u015bli te obowi\u0105zki s\u0105 zaniedbane, wadliwy sprz\u0119t medyczny mo\u017ce mie\u0107 powa\u017cny wp\u0142yw na \u017cycie [&hellip;]<\/p>\n","protected":false},"author":2,"featured_media":0,"parent":105,"menu_order":22,"comment_status":"closed","ping_status":"closed","template":"single-practice.php","meta":[],"yoast_head":"<!-- This site is optimized with the Yoast SEO plugin v14.9 - https:\/\/yoast.com\/wordpress\/plugins\/seo\/ -->\n<title>WADLIWY PRODUKT MEDYCZNY - Houlihan Solicitors<\/title>\n<meta name=\"robots\" content=\"index, follow, max-snippet:-1, max-image-preview:large, max-video-preview:-1\" \/>\n<link rel=\"canonical\" href=\"https:\/\/www.houlihansolicitors.ie\/polskie\/zakres-dzialan\/zaniedbania-medyczne\/wadliwy-produkt-medyczny\/\" \/>\n<meta property=\"og:locale\" content=\"en_GB\" \/>\n<meta property=\"og:type\" content=\"article\" \/>\n<meta property=\"og:title\" content=\"WADLIWY PRODUKT MEDYCZNY - Houlihan Solicitors\" \/>\n<meta property=\"og:description\" content=\"Wadliwy produkt\u00a0medycznym,\u00a0to taki kt\u00f3ry ma wad\u0119,\u00a0a w\u015br\u00f3d nich mog\u0105\u00a0to by\u0107\u00a0 Leki\u00a0\u00a0 Implanty\u00a0 Aparaty s\u0142uchowe\u00a0 \u00a0Okulary\/soczewki etc.\u00a0\u00a0 Ci, kt\u00f3rzy produkuj\u0105 lub administruj\u0105 produkty medyczne, maj\u0105 wyra\u017ane obowi\u0105zki wobec pacjent\u00f3w &#8211; w tym obowi\u0105zek\u00a0zapewnienia, \u017ce ich produkty s\u0105 skuteczne i\u00a0wywo\u0142uj\u0105\u00a0jak najmniej efekt\u00f3w ubocznych.\u00a0\u00a0 Je\u015bli te obowi\u0105zki s\u0105 zaniedbane, wadliwy sprz\u0119t medyczny mo\u017ce mie\u0107 powa\u017cny wp\u0142yw na \u017cycie [&hellip;]\" \/>\n<meta property=\"og:url\" content=\"https:\/\/www.houlihansolicitors.ie\/polskie\/zakres-dzialan\/zaniedbania-medyczne\/wadliwy-produkt-medyczny\/\" \/>\n<meta property=\"og:site_name\" content=\"Houlihan Solicitors\" \/>\n<meta property=\"article:modified_time\" content=\"2017-09-29T10:46:53+00:00\" \/>\n<meta name=\"twitter:card\" content=\"summary\" \/>\n<script type=\"application\/ld+json\" class=\"yoast-schema-graph\">{\"@context\":\"https:\/\/schema.org\",\"@graph\":[{\"@type\":\"WebSite\",\"@id\":\"https:\/\/www.houlihansolicitors.ie\/polskie\/#website\",\"url\":\"https:\/\/www.houlihansolicitors.ie\/polskie\/\",\"name\":\"Houlihan Solicitors\",\"description\":\"\",\"potentialAction\":[{\"@type\":\"SearchAction\",\"target\":\"https:\/\/www.houlihansolicitors.ie\/polskie\/?s={search_term_string}\",\"query-input\":\"required name=search_term_string\"}],\"inLanguage\":\"en-GB\"},{\"@type\":\"WebPage\",\"@id\":\"https:\/\/www.houlihansolicitors.ie\/polskie\/zakres-dzialan\/zaniedbania-medyczne\/wadliwy-produkt-medyczny\/#webpage\",\"url\":\"https:\/\/www.houlihansolicitors.ie\/polskie\/zakres-dzialan\/zaniedbania-medyczne\/wadliwy-produkt-medyczny\/\",\"name\":\"WADLIWY PRODUKT MEDYCZNY - Houlihan Solicitors\",\"isPartOf\":{\"@id\":\"https:\/\/www.houlihansolicitors.ie\/polskie\/#website\"},\"datePublished\":\"2016-10-13T15:46:12+00:00\",\"dateModified\":\"2017-09-29T10:46:53+00:00\",\"inLanguage\":\"en-GB\",\"potentialAction\":[{\"@type\":\"ReadAction\",\"target\":[\"https:\/\/www.houlihansolicitors.ie\/polskie\/zakres-dzialan\/zaniedbania-medyczne\/wadliwy-produkt-medyczny\/\"]}]}]}<\/script>\n<!-- \/ Yoast SEO plugin. -->","_links":{"self":[{"href":"https:\/\/www.houlihansolicitors.ie\/polskie\/wp-json\/wp\/v2\/pages\/184"}],"collection":[{"href":"https:\/\/www.houlihansolicitors.ie\/polskie\/wp-json\/wp\/v2\/pages"}],"about":[{"href":"https:\/\/www.houlihansolicitors.ie\/polskie\/wp-json\/wp\/v2\/types\/page"}],"author":[{"embeddable":true,"href":"https:\/\/www.houlihansolicitors.ie\/polskie\/wp-json\/wp\/v2\/users\/2"}],"replies":[{"embeddable":true,"href":"https:\/\/www.houlihansolicitors.ie\/polskie\/wp-json\/wp\/v2\/comments?post=184"}],"version-history":[{"count":3,"href":"https:\/\/www.houlihansolicitors.ie\/polskie\/wp-json\/wp\/v2\/pages\/184\/revisions"}],"predecessor-version":[{"id":498,"href":"https:\/\/www.houlihansolicitors.ie\/polskie\/wp-json\/wp\/v2\/pages\/184\/revisions\/498"}],"up":[{"embeddable":true,"href":"https:\/\/www.houlihansolicitors.ie\/polskie\/wp-json\/wp\/v2\/pages\/105"}],"wp:attachment":[{"href":"https:\/\/www.houlihansolicitors.ie\/polskie\/wp-json\/wp\/v2\/media?parent=184"}],"curies":[{"name":"wp","href":"https:\/\/api.w.org\/{rel}","templated":true}]}}