{"id":307,"date":"2016-11-03T15:44:34","date_gmt":"2016-11-03T15:44:34","guid":{"rendered":"http:\/\/www.houlihansolicitors.ie\/polskie\/?page_id=307"},"modified":"2020-09-02T12:09:38","modified_gmt":"2020-09-02T11:09:38","slug":"polisa-prywatnosci-i-cookie","status":"publish","type":"page","link":"https:\/\/www.houlihansolicitors.ie\/polskie\/polisa-prywatnosci-i-cookie\/","title":{"rendered":"POLISA PRYWATNO\u015aCI I COOKIE"},"content":{"rendered":"<div class=\"fusion-fullwidth fullwidth-box fusion-builder-row-1 nonhundred-percent-fullwidth non-hundred-percent-height-scrolling\" style=\"background-color: rgba(255,255,255,0);background-position: left top;background-repeat: no-repeat;padding-top:20px;padding-right:0px;padding-bottom:20px;padding-left:0px;margin-bottom: 0px;margin-top: 0px;border-width: 0px 0px 0px 0px;border-color:#eae9e9;border-style:solid;\" ><div class=\"fusion-builder-row fusion-row\"><div class=\"fusion-layout-column fusion_builder_column fusion-builder-column-0 fusion_builder_column_1_1 1_1 fusion-one-full fusion-column-first fusion-column-last\" style=\"margin-top:0px;margin-bottom:20px;\"><div class=\"fusion-column-wrapper fusion-flex-column-wrapper-legacy\" style=\"background-position:left top;background-repeat:no-repeat;-webkit-background-size:cover;-moz-background-size:cover;-o-background-size:cover;background-size:cover;\"><div class=\"fusion-text fusion-text-1\"><h1><span class=\"TextRun SCXW3563001\" lang=\"PL-PL\" xml:lang=\"PL-PL\"><span class=\"NormalTextRun SCXW3563001\">POLISA PRYWATNO\u015aCI I COOKIE<\/span><\/span><\/h1>\n<p>&nbsp;<\/p>\n<p>Houlihan\u00a0Solicitors\u00a0mieszcz\u0105cy si\u0119 na Charlotte\u00a0Quay,\u00a0Limerick\u00a0 (&#8220;my&#8221;\u00a0lub &#8220;nasza&#8221;) korzysta z plik\u00f3w cookie, kt\u00f3re pomog\u0105 nam udoskonali\u0107 do\u015bwiadczenia\u00a0przegl\u0105dania witryny internetowej\u00a0Houlihan\u00a0Solicitors.\u00a0Cookies\u00a0pomagaj\u0105 nam zapami\u0119ta\u0107 szczeg\u00f3\u0142y wizyty na stronie, w tym informacje techniczne dotycz\u0105ce wizyty np.\u00a0dane o ruchu, dane o lokalizacji, adres IP, poprzedni\u0105 stron\u0119 internetow\u0105, z kt\u00f3r\u0105 si\u0119 do nas dotar\u0142e\u015b, oraz rodzaj u\u017cywanej przegl\u0105darki.<span data-ccp-props=\"{&quot;201341983&quot;:0,&quot;335559739&quot;:160,&quot;335559740&quot;:259}\">\u00a0<\/span><\/p>\n<p>W zwi\u0105zku z tym nasze O\u015bwiadczenie o Ochronie Danych Osobowych b\u0119dzie dotyczy\u0142o naszego traktowania informacji uzyskiwanych za po\u015brednictwem naszych plik\u00f3w cookie, a niniejsza Polityka Cookie powinna by\u0107 czytana w po\u0142\u0105czeniu z naszym O\u015bwiadczeniem o ochronie danych osobowych.<span data-ccp-props=\"{&quot;201341983&quot;:0,&quot;335559739&quot;:160,&quot;335559740&quot;:259}\">\u00a0<\/span><\/p>\n<h2><b>CO JEST COOKIE?<\/b><span data-ccp-props=\"{&quot;201341983&quot;:0,&quot;335559739&quot;:160,&quot;335559740&quot;:259}\">\u00a0<\/span><\/h2>\n<p>Plik cookie to niewielki plik danych, kt\u00f3ry jest przesy\u0142any do Twojego urz\u0105dzenia (np. Telefon lub komputer) w celach przechowywania dokumentacji. Na przyk\u0142ad plik cookie mo\u017ce pozwoli\u0107 witrynie rozpozna\u0107 Twoj\u0105 przegl\u0105dark\u0119, podczas gdy inne mog\u0105 przechowywa\u0107 Twoje preferencje i inne informacje oraz umo\u017cliwi\u0107 skuteczne poruszanie si\u0119 po witrynie. Pliki cookie mog\u0105 r\u00f3wnie\u017c pom\u00f3c w zapewnieniu, \u017ce reklamy wy\u015bwietlane online s\u0105 bardziej trafne dla Ciebie i Twoich zainteresowa\u0144.<span data-ccp-props=\"{&quot;201341983&quot;:0,&quot;335559739&quot;:160,&quot;335559740&quot;:259}\">\u00a0<\/span><\/p>\n<h2><b>RODZAJE PLIK\u00d3W COOKIE\u00a0<\/b><b>U\u017bYWANYCH NA STRONIE<\/b><span data-ccp-props=\"{&quot;201341983&quot;:0,&quot;335559739&quot;:160,&quot;335559740&quot;:259}\">\u00a0<\/span><\/h2>\n<p>Cookie &#8220;unam&#8221; jest ustawione jako cz\u0119\u015b\u0107 us\u0142ugi\u00a0ShareThis\u00a0i monitoruje aktywno\u015b\u0107 &#8220;click-stream&#8221;, np. przegl\u0105dane i\u00a0nawigowane\u00a0strony internetowe oraz czas sp\u0119dzony na stronach.<span data-ccp-props=\"{&quot;201341983&quot;:0,&quot;335559739&quot;:160,&quot;335559740&quot;:259}\">\u00a0<\/span><\/p>\n<p>&#8220;Ga&#8221; _ plik cookie jest trwa\u0142ym plikiem Google Analytics, kt\u00f3ry s\u0142u\u017cy do odr\u00f3\u017cniania unikalnych u\u017cytkownik\u00f3w.<span data-ccp-props=\"{&quot;201341983&quot;:0,&quot;335559739&quot;:160,&quot;335559740&quot;:259}\">\u00a0<\/span><\/p>\n<p>Plik sesji &#8220;gat&#8221; jest u\u017cywany do przepustowo\u015bci \u017c\u0105dania.<span data-ccp-props=\"{&quot;201341983&quot;:0,&quot;335559739&quot;:160,&quot;335559740&quot;:259}\">\u00a0<\/span><\/p>\n<p>S\u0105 to pliki cookie os\u00f3b trzecich, kt\u00f3re s\u0105 umieszczane w Twoim urz\u0105dzeniu, aby umo\u017cliwi\u0107 nam korzystanie z us\u0142ugi Google Analytics i us\u0142ugi\u00a0ShareThis. Te pliki cookie s\u0105 wykorzystywane do zbierania informacji o tym, jak u\u017cytkownicy korzystaj\u0105 z naszej witryny. Te informacje s\u0142u\u017c\u0105 do sporz\u0105dzania raport\u00f3w i pomagania nam ulepszy\u0107 stron\u0119 internetow\u0105.<span data-ccp-props=\"{&quot;201341983&quot;:0,&quot;335559739&quot;:160,&quot;335559740&quot;:259}\">\u00a0<\/span><\/p>\n<p>Us\u0142uga &#8220;uset&#8221; i &#8220;stid&#8221; s\u0105 ustawione jako cz\u0119\u015b\u0107 us\u0142ugi\u00a0ShareThis\u00a0i monitoruj\u0105 aktywno\u015b\u0107 &#8220;klikni\u0119cia&#8221;, np. przegl\u0105dane strony internetowe, nawigacja od strony do strony, czas sp\u0119dzony na ka\u017cdej stronie itp.<span data-ccp-props=\"{&quot;201341983&quot;:0,&quot;335559739&quot;:160,&quot;335559740&quot;:259}\">\u00a0<\/span><\/p>\n<p>Us\u0142uga Udost\u0119pnij tylko osobi\u015bcie identyfikuje Ci\u0119, je\u015bli osobi\u015bcie zarejestrowa\u0142e\u015b si\u0119 z udzia\u0142em\u00a0ShareThis\u00a0na konto\u00a0ShareThis\u00a0i wyrazi\u0142e\u015b na to zgod\u0119.<span data-ccp-props=\"{&quot;201341983&quot;:0,&quot;335559739&quot;:160,&quot;335559740&quot;:259}\">\u00a0<\/span><\/p>\n<p>Plik cookie &#8220;JESSIONID&#8221; trwa do ko\u0144ca sesji.<span data-ccp-props=\"{&quot;201341983&quot;:0,&quot;335559739&quot;:160,&quot;335559740&quot;:259}\">\u00a0<\/span><\/p>\n<p>JSESSIONID to unikatowy identyfikator sesji http generowanej przez serwer i jest plikiem cookie umieszczanym na Twoim urz\u0105dzeniu.<span data-ccp-props=\"{&quot;201341983&quot;:0,&quot;335559739&quot;:160,&quot;335559740&quot;:259}\">\u00a0<\/span><\/p>\n<p>Nast\u0119puj\u0105ce pliki cookie zostan\u0105 umieszczone w Twoim urz\u0105dzeniu, je\u015bli zdecydujesz si\u0119 doda\u0107 do panelu polityk\u0119 plik\u00f3w cookie.<span data-ccp-props=\"{&quot;201341983&quot;:0,&quot;335559739&quot;:160,&quot;335559740&quot;:259}\">\u00a0<\/span><\/p>\n<p>&#8220;Cookie\u00a0Status_sitename&#8221;, kt\u00f3ra trwa maksymalnie 10 dni.<span data-ccp-props=\"{&quot;201341983&quot;:0,&quot;335559739&quot;:160,&quot;335559740&quot;:259}\">\u00a0<\/span><\/p>\n<p>CookieStatus\u00a0jest ustawiony, je\u015bli akceptujesz polityk\u0119 plik\u00f3w cookie w witrynie. Usuwa nak\u0142adk\u0119 zasad. To jest plik cookie umieszczony w Twoim urz\u0105dzeniu.<span data-ccp-props=\"{&quot;201341983&quot;:0,&quot;335559739&quot;:160,&quot;335559740&quot;:259}\">\u00a0<\/span><\/p>\n<h2><b>TW\u00d3J ZGODA NA COOKIE<\/b><span data-ccp-props=\"{&quot;201341983&quot;:0,&quot;335559739&quot;:160,&quot;335559740&quot;:259}\">\u00a0<\/span><\/h2>\n<p>Korzystaj\u0105c z tej Witryny, zgadzasz si\u0119, \u017ce mo\u017cemy przechowywa\u0107 i korzysta\u0107 z powy\u017cszych plik\u00f3w cookie w urz\u0105dzeniu.<span data-ccp-props=\"{&quot;201341983&quot;:0,&quot;335559739&quot;:160,&quot;335559740&quot;:259}\">\u00a0<\/span><\/p>\n<p>Twoja przegl\u0105darka mo\u017ce ustawi\u0107 spos\u00f3b obs\u0142ugi plik\u00f3w cookie, na przyk\u0142ad wykluczanie wszystkich plik\u00f3w cookie lub wy\u015bwietlanie monitu o akceptacj\u0119 ka\u017cdego pliku cookie. Pami\u0119taj jednak, \u017ce niekt\u00f3re cz\u0119\u015bci Witryny mog\u0105 nie dzia\u0142a\u0107 zgodnie z przeznaczeniem lub mog\u0105 nie dzia\u0142a\u0107 bez\u00a0cookies.<span data-ccp-props=\"{&quot;201341983&quot;:0,&quot;335559739&quot;:160,&quot;335559740&quot;:259}\">\u00a0<\/span><\/p>\n<h2><b>ZMIANA\u00a0<\/b><b>POLITYKI COOKIE<\/b><span data-ccp-props=\"{&quot;201341983&quot;:0,&quot;335559739&quot;:160,&quot;335559740&quot;:259}\">\u00a0<\/span><\/h2>\n<p>Mo\u017cemy zmieni\u0107 t\u0119 Polityk\u0119 Cookie w dowolnym momencie. Je\u015bli dokonamy istotnych zmian w Polityce Cookie, powiadomimy Ci\u0119 o tym, publikuj\u0105c zmienion\u0105 polityk\u0119 Cookie w witrynie lub wysy\u0142aj\u0105c Ci wiadomo\u015b\u0107 e-mail.<span data-ccp-props=\"{&quot;201341983&quot;:0,&quot;335559739&quot;:160,&quot;335559740&quot;:259}\">\u00a0<\/span><\/p>\n<p>Wa\u017cne jest, aby zapozna\u0107 si\u0119 z zmienion\u0105 polityk\u0105 Cookie. Je\u015bli nie chcesz zgodzi\u0107 si\u0119 na zmienion\u0105 polityk\u0119 Cookie, nie mo\u017cemy dalej udost\u0119pnia\u0107 tej Witryny, a jedyn\u0105 opcj\u0105 jest zatrzymanie dost\u0119pu do Witryny.<span data-ccp-props=\"{&quot;201341983&quot;:0,&quot;335559739&quot;:160,&quot;335559740&quot;:259}\">\u00a0<\/span><\/p>\n<h2>SKONTAKTUJ SI\u0118 Z NAMI<span data-ccp-props=\"{&quot;201341983&quot;:0,&quot;335559739&quot;:160,&quot;335559740&quot;:259}\">\u00a0<\/span><\/h2>\n<p>Je\u015bli masz jakie\u015b pytania zwi\u0105zane z\u00a0polityk\u0105\u00a0COOKIE\u00a0lub potrzebujesz dodatkowych informacji na temat naszych praktyk dotycz\u0105cych plik\u00f3w cookie, skontaktuj si\u0119 z nami pod adresem\u00a0<b>info@houlihansolicitors.ie<\/b>\u00a0lub napisz do nas na adres\u00a0Houlihan\u00a0Solicitors,\u00a0Charlotte\u00a0Quay, Limerick.\u00a0Je\u015bli masz jakie\u015b pytania zwi\u0105zane z t\u0105 polityk\u0105 lub potrzebujesz dodatkowych informacji na temat naszych praktyk dotycz\u0105cych plik\u00f3w cookie, skontaktuj si\u0119 z nami pod adresem info@houlihansolicitors.ie lub napisz do nas na adres\u00a0Houlihan\u00a0Solicitors,\u00a0Ducart\u00a0Suite, kampus handlowy\u00a0Castletroy,\u00a0Limerick.Bottom\u00a0of Form<span data-ccp-props=\"{&quot;201341983&quot;:0,&quot;335551550&quot;:2,&quot;335551620&quot;:2,&quot;335559739&quot;:0,&quot;335559740&quot;:240}\">\u00a0<\/span><\/p>\n<p>Bottom of Form<span data-ccp-props=\"{&quot;201341983&quot;:0,&quot;335551550&quot;:2,&quot;335551620&quot;:2,&quot;335559739&quot;:0,&quot;335559740&quot;:240}\">\u00a0<\/span><\/p>\n<\/div><div class=\"fusion-clearfix\"><\/div><\/div><\/div><\/div><\/div>\n","protected":false},"excerpt":{"rendered":"","protected":false},"author":2,"featured_media":0,"parent":0,"menu_order":43,"comment_status":"closed","ping_status":"closed","template":"","meta":[],"yoast_head":"<!-- This site is optimized with the Yoast SEO plugin v14.9 - https:\/\/yoast.com\/wordpress\/plugins\/seo\/ -->\n<title>POLISA PRYWATNO\u015aCI I COOKIE - Houlihan Solicitors<\/title>\n<meta name=\"robots\" content=\"index, follow, max-snippet:-1, max-image-preview:large, max-video-preview:-1\" \/>\n<link rel=\"canonical\" href=\"https:\/\/www.houlihansolicitors.ie\/polskie\/polisa-prywatnosci-i-cookie\/\" \/>\n<meta property=\"og:locale\" content=\"en_GB\" \/>\n<meta property=\"og:type\" content=\"article\" \/>\n<meta property=\"og:title\" content=\"POLISA PRYWATNO\u015aCI I COOKIE - Houlihan Solicitors\" \/>\n<meta property=\"og:url\" content=\"https:\/\/www.houlihansolicitors.ie\/polskie\/polisa-prywatnosci-i-cookie\/\" \/>\n<meta property=\"og:site_name\" content=\"Houlihan Solicitors\" \/>\n<meta property=\"article:modified_time\" content=\"2020-09-02T11:09:38+00:00\" \/>\n<meta name=\"twitter:card\" content=\"summary\" \/>\n<script type=\"application\/ld+json\" class=\"yoast-schema-graph\">{\"@context\":\"https:\/\/schema.org\",\"@graph\":[{\"@type\":\"WebSite\",\"@id\":\"https:\/\/www.houlihansolicitors.ie\/polskie\/#website\",\"url\":\"https:\/\/www.houlihansolicitors.ie\/polskie\/\",\"name\":\"Houlihan Solicitors\",\"description\":\"\",\"potentialAction\":[{\"@type\":\"SearchAction\",\"target\":\"https:\/\/www.houlihansolicitors.ie\/polskie\/?s={search_term_string}\",\"query-input\":\"required name=search_term_string\"}],\"inLanguage\":\"en-GB\"},{\"@type\":\"WebPage\",\"@id\":\"https:\/\/www.houlihansolicitors.ie\/polskie\/polisa-prywatnosci-i-cookie\/#webpage\",\"url\":\"https:\/\/www.houlihansolicitors.ie\/polskie\/polisa-prywatnosci-i-cookie\/\",\"name\":\"POLISA PRYWATNO\\u015aCI I COOKIE - Houlihan Solicitors\",\"isPartOf\":{\"@id\":\"https:\/\/www.houlihansolicitors.ie\/polskie\/#website\"},\"datePublished\":\"2016-11-03T15:44:34+00:00\",\"dateModified\":\"2020-09-02T11:09:38+00:00\",\"inLanguage\":\"en-GB\",\"potentialAction\":[{\"@type\":\"ReadAction\",\"target\":[\"https:\/\/www.houlihansolicitors.ie\/polskie\/polisa-prywatnosci-i-cookie\/\"]}]}]}<\/script>\n<!-- \/ Yoast SEO plugin. -->","_links":{"self":[{"href":"https:\/\/www.houlihansolicitors.ie\/polskie\/wp-json\/wp\/v2\/pages\/307"}],"collection":[{"href":"https:\/\/www.houlihansolicitors.ie\/polskie\/wp-json\/wp\/v2\/pages"}],"about":[{"href":"https:\/\/www.houlihansolicitors.ie\/polskie\/wp-json\/wp\/v2\/types\/page"}],"author":[{"embeddable":true,"href":"https:\/\/www.houlihansolicitors.ie\/polskie\/wp-json\/wp\/v2\/users\/2"}],"replies":[{"embeddable":true,"href":"https:\/\/www.houlihansolicitors.ie\/polskie\/wp-json\/wp\/v2\/comments?post=307"}],"version-history":[{"count":9,"href":"https:\/\/www.houlihansolicitors.ie\/polskie\/wp-json\/wp\/v2\/pages\/307\/revisions"}],"predecessor-version":[{"id":617,"href":"https:\/\/www.houlihansolicitors.ie\/polskie\/wp-json\/wp\/v2\/pages\/307\/revisions\/617"}],"wp:attachment":[{"href":"https:\/\/www.houlihansolicitors.ie\/polskie\/wp-json\/wp\/v2\/media?parent=307"}],"curies":[{"name":"wp","href":"https:\/\/api.w.org\/{rel}","templated":true}]}}